{"id":775,"date":"2016-09-01T18:17:08","date_gmt":"2016-09-01T18:17:08","guid":{"rendered":"http:\/\/www.thorsten-fritz.com\/?page_id=775"},"modified":"2020-09-04T10:14:16","modified_gmt":"2020-09-04T10:14:16","slug":"775-2","status":"publish","type":"page","link":"https:\/\/www.thorsten-fritz.com\/?page_id=775","title":{"rendered":"Polarlichter"},"content":{"rendered":"<h3 style=\"padding-left: 60px;\">&nbsp;<\/h3>\n<h3 style=\"padding-left: 60px;\">Polarlichter \u00fcber Warburg<\/h3>\n<div class=\"text_exposed_show\" style=\"padding-left: 30px;\">\n<p style=\"padding-left: 30px;\">Am 23.8 beschloss ich ich auf unseren sch\u00f6nen Desenberg zu steigen um von dort aus einen f\u00fcr diese Jahr vermutlich letzten Blick auf das Zentrum der Milchstra\u00dfe werfen zu k\u00f6nnen.<br \/>\nEs war sternenklar und der Mond betrat erst gegen 23.00 Uhr die B\u00fchne.<br \/>\nWas ich zu diesem Zeitpunkt noch nicht wusste, war das es eine Polarlicht Warnung f\u00fcr Deutschland an diesem Abend gab.<br \/>\nOhne es zu wissen machte ich mich an die &#8222;Arbeit&#8220; um das ein oder andere Bild zu schie\u00dfen und letztlich auch ein Panorama, welches vom Aussichtsturm aus aufgenommen wurde.<\/p>\n<p style=\"padding-left: 30px;\">Hierbei gelang es mir zuerst v\u00f6llig unbemerkt dieses Polarlicht&nbsp; mit einzufangen.Das Gl\u00fcck meinte es gut mit mir.<br \/>\nIch sendete die Bilder zur \u00dcberpr\u00fcfung an die Experten von der Webseite <a href=\"http:\/\/l.facebook.com\/l.php?u=http%3A%2F%2Fwww.polarlicht-vorhersage.de%2F&amp;h=UAQFjCdIIAQHcZfLLZ1svkQen16Dg69RBJoGdZ5HrCXJG4A&amp;enc=AZM1qQFuoedh3VEjJmhsxqY2UL9VKPfrOTERlaVThyjWKFkgyzIIDrD9uaCS7CEQeuPXYMSZto3IExJ0GMqEDyhZBZ2auoRhQYEbZ6pQ5HjJKIk6vShD-L6JSvqAQNyRsB1tR9xrGY8VZR1qU90Bjtj6TMKQlfly6yn5ynlfofMpseBuqd2pF_x_5vliuqZHDzaXd09LtuW8wPKytW-E8hl1&amp;s=1\" target=\"_blank\" rel=\"nofollow noopener noreferrer\">http:\/\/www.polarlicht-vorhersage.de<\/a> , die dieses auch best\u00e4tigen konnten.<br \/>\nGegen 23.20 Uhr war das erste Maximum des Polarlichtes mit 65GW atmospherical power = KP5,5 erreicht und registriert worden &#8211; Um 22:58 Uhr habe ich das Bild aufgenommen.<\/p>\n<p style=\"padding-left: 30px;\">Letztlich bin ich froh das ich zwar v\u00f6llig durch geschwitzt aber Erfolgreich den &#8222;aufstieg&#8220; auf das Wahrzeichen der B\u00f6rde gewagt habe <i class=\"_1gwo\" title=\"\u201esmile\u201c-Emoticon\"><span class=\"_skr\">\ud83d\ude42 <\/span><\/i><\/p>\n<\/div>\n<div class=\"text_exposed_show\" style=\"padding-left: 30px;\">&nbsp;<\/div>\n<p style=\"padding-left: 30px;\">&nbsp;<\/p>\n<p style=\"text-align: center; padding-left: 30px;\"><img loading=\"lazy\" decoding=\"async\" class=\"aligncenter wp-image-2080 size-full\" src=\"https:\/\/www.thorsten-fritz.com\/wordpress\/wp-content\/uploads\/2020\/09\/DSC_7446-Pano-Bearbeitet.jpg\" alt=\"\" width=\"1920\" height=\"683\" srcset=\"https:\/\/www.thorsten-fritz.com\/wordpress\/wp-content\/uploads\/2020\/09\/DSC_7446-Pano-Bearbeitet.jpg 1920w, https:\/\/www.thorsten-fritz.com\/wordpress\/wp-content\/uploads\/2020\/09\/DSC_7446-Pano-Bearbeitet-301x107.jpg 301w, https:\/\/www.thorsten-fritz.com\/wordpress\/wp-content\/uploads\/2020\/09\/DSC_7446-Pano-Bearbeitet-150x53.jpg 150w, https:\/\/www.thorsten-fritz.com\/wordpress\/wp-content\/uploads\/2020\/09\/DSC_7446-Pano-Bearbeitet-1536x546.jpg 1536w\" sizes=\"auto, (max-width: 1920px) 100vw, 1920px\" \/>Link zum besserem Bild:<br \/>\n<a href=\"http:\/\/l.facebook.com\/l.php?u=http%3A%2F%2Fwww.thorsten-fritz.com%2Fimages%2Fpolarlicht.jpg&amp;h=7AQHSrOXrAQEil1e6vL5J7Eomwtw5CiEI0_3Bk2XIK77Hzw&amp;enc=AZMwZpjK6FXVsQweZ7AKbQWlL405Wm3W4JSsYW3oVC9Y3cUH49EPcZrUEk0v_jcWxGmFEILKfy6085aMjdH-fXPgqbCdIGWBODuoCJ3mRNy4jGvZAhXNysfqtIGwwXT8YLRrauf7PzeldE4HVrnQQFyql2iHMyZqJnC3R9rnl3zDh30D7g2-GXzWRRgjPys-YmLwhQ6WQy_NJBnAXhtFR9Xv&amp;s=1\" target=\"_blank\" rel=\"nofollow noopener noreferrer\">http:\/\/www.thorsten-fritz.com\/images\/polarlicht.jpg<\/a><\/p>\n<p style=\"text-align: center; padding-left: 30px;\"><img loading=\"lazy\" decoding=\"async\" class=\"aligncenter wp-image-2081 size-large\" src=\"https:\/\/www.thorsten-fritz.com\/wordpress\/wp-content\/uploads\/2020\/09\/DSC_742-1172x800.jpg\" alt=\"\" width=\"612\" height=\"418\" srcset=\"https:\/\/www.thorsten-fritz.com\/wordpress\/wp-content\/uploads\/2020\/09\/DSC_742-1172x800.jpg 1172w, https:\/\/www.thorsten-fritz.com\/wordpress\/wp-content\/uploads\/2020\/09\/DSC_742-301x205.jpg 301w, https:\/\/www.thorsten-fritz.com\/wordpress\/wp-content\/uploads\/2020\/09\/DSC_742-150x102.jpg 150w, https:\/\/www.thorsten-fritz.com\/wordpress\/wp-content\/uploads\/2020\/09\/DSC_742.jpg 1500w\" sizes=\"auto, (max-width: 612px) 100vw, 612px\" \/><\/p>\n<p style=\"padding-left: 30px;\">&nbsp;<\/p>\n<p style=\"text-align: center; padding-left: 30px;\"><img loading=\"lazy\" decoding=\"async\" class=\"aligncenter wp-image-2082 size-full\" src=\"https:\/\/www.thorsten-fritz.com\/wordpress\/wp-content\/uploads\/2020\/09\/DSC_7409-Pano-Bearbeitet-Bearbeitet-3.jpg\" alt=\"\" width=\"1200\" height=\"643\" srcset=\"https:\/\/www.thorsten-fritz.com\/wordpress\/wp-content\/uploads\/2020\/09\/DSC_7409-Pano-Bearbeitet-Bearbeitet-3.jpg 1200w, https:\/\/www.thorsten-fritz.com\/wordpress\/wp-content\/uploads\/2020\/09\/DSC_7409-Pano-Bearbeitet-Bearbeitet-3-301x161.jpg 301w, https:\/\/www.thorsten-fritz.com\/wordpress\/wp-content\/uploads\/2020\/09\/DSC_7409-Pano-Bearbeitet-Bearbeitet-3-150x80.jpg 150w\" sizes=\"auto, (max-width: 1200px) 100vw, 1200px\" \/><\/p>\n<p style=\"text-align: center; padding-left: 30px;\">Eine kleine Legende, was ist wo auf diesem Bild:<img loading=\"lazy\" decoding=\"async\" class=\"aligncenter wp-image-2083 size-large\" src=\"https:\/\/www.thorsten-fritz.com\/wordpress\/wp-content\/uploads\/2020\/09\/Zwischenablage04-1493x800.jpg\" alt=\"\u00dcbersicht\" width=\"612\" height=\"328\" srcset=\"https:\/\/www.thorsten-fritz.com\/wordpress\/wp-content\/uploads\/2020\/09\/Zwischenablage04-1493x800.jpg 1493w, https:\/\/www.thorsten-fritz.com\/wordpress\/wp-content\/uploads\/2020\/09\/Zwischenablage04-301x161.jpg 301w, https:\/\/www.thorsten-fritz.com\/wordpress\/wp-content\/uploads\/2020\/09\/Zwischenablage04-150x80.jpg 150w, https:\/\/www.thorsten-fritz.com\/wordpress\/wp-content\/uploads\/2020\/09\/Zwischenablage04-1536x823.jpg 1536w, https:\/\/www.thorsten-fritz.com\/wordpress\/wp-content\/uploads\/2020\/09\/Zwischenablage04.jpg 1920w\" sizes=\"auto, (max-width: 612px) 100vw, 612px\" \/><\/p>\n","protected":false},"excerpt":{"rendered":"<p>&nbsp; Polarlichter \u00fcber Warburg Am 23.8 beschloss ich ich auf unseren sch\u00f6nen Desenberg zu steigen um von dort aus einen &hellip; <a href=\"https:\/\/www.thorsten-fritz.com\/?page_id=775\" class=\"more-link\"><span class=\"more-button\">Read More<span class=\"screen-reader-text\">Polarlichter<\/span><\/span><\/a><\/p>\n","protected":false},"author":1,"featured_media":0,"parent":2074,"menu_order":0,"comment_status":"closed","ping_status":"closed","template":"","meta":{"ngg_post_thumbnail":0,"__cvm_playback_settings":[],"__cvm_video_id":"","two_page_speed":[],"footnotes":""},"class_list":["post-775","page","type-page","status-publish","hentry"],"jetpack_sharing_enabled":true,"jetpack_likes_enabled":false,"_links":{"self":[{"href":"https:\/\/www.thorsten-fritz.com\/index.php?rest_route=\/wp\/v2\/pages\/775","targetHints":{"allow":["GET"]}}],"collection":[{"href":"https:\/\/www.thorsten-fritz.com\/index.php?rest_route=\/wp\/v2\/pages"}],"about":[{"href":"https:\/\/www.thorsten-fritz.com\/index.php?rest_route=\/wp\/v2\/types\/page"}],"author":[{"embeddable":true,"href":"https:\/\/www.thorsten-fritz.com\/index.php?rest_route=\/wp\/v2\/users\/1"}],"replies":[{"embeddable":true,"href":"https:\/\/www.thorsten-fritz.com\/index.php?rest_route=%2Fwp%2Fv2%2Fcomments&post=775"}],"version-history":[{"count":24,"href":"https:\/\/www.thorsten-fritz.com\/index.php?rest_route=\/wp\/v2\/pages\/775\/revisions"}],"predecessor-version":[{"id":2084,"href":"https:\/\/www.thorsten-fritz.com\/index.php?rest_route=\/wp\/v2\/pages\/775\/revisions\/2084"}],"up":[{"embeddable":true,"href":"https:\/\/www.thorsten-fritz.com\/index.php?rest_route=\/wp\/v2\/pages\/2074"}],"wp:attachment":[{"href":"https:\/\/www.thorsten-fritz.com\/index.php?rest_route=%2Fwp%2Fv2%2Fmedia&parent=775"}],"curies":[{"name":"wp","href":"https:\/\/api.w.org\/{rel}","templated":true}]}}

<h3 style="padding-left: 60px;">&nbsp;</h3>
<h3 style="padding-left: 60px;">Polarlichter über Warburg</h3>
<div class="text_exposed_show" style="padding-left: 30px;">
<p style="padding-left: 30px;">Am 23.8 beschloss ich ich auf unseren schönen Desenberg zu steigen um von dort aus einen für diese Jahr vermutlich letzten Blick auf das Zentrum der Milchstraße werfen zu können.<br />
Es war sternenklar und der Mond betrat erst gegen 23.00 Uhr die Bühne.<br />
Was ich zu diesem Zeitpunkt noch nicht wusste, war das es eine Polarlicht Warnung für Deutschland an diesem Abend gab.<br />
Ohne es zu wissen machte ich mich an die &#8222;Arbeit&#8220; um das ein oder andere Bild zu schießen und letztlich auch ein Panorama, welches vom Aussichtsturm aus aufgenommen wurde.</p>
<p style="padding-left: 30px;">Hierbei gelang es mir zuerst völlig unbemerkt dieses Polarlicht&nbsp; mit einzufangen.Das Glück meinte es gut mit mir.<br />
Ich sendete die Bilder zur Überprüfung an die Experten von der Webseite <a href="http://l.facebook.com/l.php?u=http%3A%2F%2Fwww.polarlicht-vorhersage.de%2F&amp;h=UAQFjCdIIAQHcZfLLZ1svkQen16Dg69RBJoGdZ5HrCXJG4A&amp;enc=AZM1qQFuoedh3VEjJmhsxqY2UL9VKPfrOTERlaVThyjWKFkgyzIIDrD9uaCS7CEQeuPXYMSZto3IExJ0GMqEDyhZBZ2auoRhQYEbZ6pQ5HjJKIk6vShD-L6JSvqAQNyRsB1tR9xrGY8VZR1qU90Bjtj6TMKQlfly6yn5ynlfofMpseBuqd2pF_x_5vliuqZHDzaXd09LtuW8wPKytW-E8hl1&amp;s=1" target="_blank" rel="nofollow noopener noreferrer">http://www.polarlicht-vorhersage.de</a> , die dieses auch bestätigen konnten.<br />
Gegen 23.20 Uhr war das erste Maximum des Polarlichtes mit 65GW atmospherical power = KP5,5 erreicht und registriert worden &#8211; Um 22:58 Uhr habe ich das Bild aufgenommen.</p>
<p style="padding-left: 30px;">Letztlich bin ich froh das ich zwar völlig durch geschwitzt aber Erfolgreich den &#8222;aufstieg&#8220; auf das Wahrzeichen der Börde gewagt habe <i class="_1gwo" title="„smile“-Emoticon"><span class="_skr">🙂 </span></i></p>
</div>
<div class="text_exposed_show" style="padding-left: 30px;">&nbsp;</div>
<p style="padding-left: 30px;">&nbsp;</p>
<p style="text-align: center; padding-left: 30px;"><img loading="lazy" decoding="async" class="aligncenter wp-image-2080 size-full" src="https://www.thorsten-fritz.com/wordpress/wp-content/uploads/2020/09/DSC_7446-Pano-Bearbeitet.jpg" alt="" width="1920" height="683" srcset="https://www.thorsten-fritz.com/wordpress/wp-content/uploads/2020/09/DSC_7446-Pano-Bearbeitet.jpg 1920w, https://www.thorsten-fritz.com/wordpress/wp-content/uploads/2020/09/DSC_7446-Pano-Bearbeitet-301x107.jpg 301w, https://www.thorsten-fritz.com/wordpress/wp-content/uploads/2020/09/DSC_7446-Pano-Bearbeitet-150x53.jpg 150w, https://www.thorsten-fritz.com/wordpress/wp-content/uploads/2020/09/DSC_7446-Pano-Bearbeitet-1536x546.jpg 1536w" sizes="auto, (max-width: 1920px) 100vw, 1920px" />Link zum besserem Bild:<br />
<a href="http://l.facebook.com/l.php?u=http%3A%2F%2Fwww.thorsten-fritz.com%2Fimages%2Fpolarlicht.jpg&amp;h=7AQHSrOXrAQEil1e6vL5J7Eomwtw5CiEI0_3Bk2XIK77Hzw&amp;enc=AZMwZpjK6FXVsQweZ7AKbQWlL405Wm3W4JSsYW3oVC9Y3cUH49EPcZrUEk0v_jcWxGmFEILKfy6085aMjdH-fXPgqbCdIGWBODuoCJ3mRNy4jGvZAhXNysfqtIGwwXT8YLRrauf7PzeldE4HVrnQQFyql2iHMyZqJnC3R9rnl3zDh30D7g2-GXzWRRgjPys-YmLwhQ6WQy_NJBnAXhtFR9Xv&amp;s=1" target="_blank" rel="nofollow noopener noreferrer">http://www.thorsten-fritz.com/images/polarlicht.jpg</a></p>
<p style="text-align: center; padding-left: 30px;"><img loading="lazy" decoding="async" class="aligncenter wp-image-2081 size-large" src="https://www.thorsten-fritz.com/wordpress/wp-content/uploads/2020/09/DSC_742-1172x800.jpg" alt="" width="612" height="418" srcset="https://www.thorsten-fritz.com/wordpress/wp-content/uploads/2020/09/DSC_742-1172x800.jpg 1172w, https://www.thorsten-fritz.com/wordpress/wp-content/uploads/2020/09/DSC_742-301x205.jpg 301w, https://www.thorsten-fritz.com/wordpress/wp-content/uploads/2020/09/DSC_742-150x102.jpg 150w, https://www.thorsten-fritz.com/wordpress/wp-content/uploads/2020/09/DSC_742.jpg 1500w" sizes="auto, (max-width: 612px) 100vw, 612px" /></p>
<p style="padding-left: 30px;">&nbsp;</p>
<p style="text-align: center; padding-left: 30px;"><img loading="lazy" decoding="async" class="aligncenter wp-image-2082 size-full" src="https://www.thorsten-fritz.com/wordpress/wp-content/uploads/2020/09/DSC_7409-Pano-Bearbeitet-Bearbeitet-3.jpg" alt="" width="1200" height="643" srcset="https://www.thorsten-fritz.com/wordpress/wp-content/uploads/2020/09/DSC_7409-Pano-Bearbeitet-Bearbeitet-3.jpg 1200w, https://www.thorsten-fritz.com/wordpress/wp-content/uploads/2020/09/DSC_7409-Pano-Bearbeitet-Bearbeitet-3-301x161.jpg 301w, https://www.thorsten-fritz.com/wordpress/wp-content/uploads/2020/09/DSC_7409-Pano-Bearbeitet-Bearbeitet-3-150x80.jpg 150w" sizes="auto, (max-width: 1200px) 100vw, 1200px" /></p>
<p style="text-align: center; padding-left: 30px;">Eine kleine Legende, was ist wo auf diesem Bild:<img loading="lazy" decoding="async" class="aligncenter wp-image-2083 size-large" src="https://www.thorsten-fritz.com/wordpress/wp-content/uploads/2020/09/Zwischenablage04-1493x800.jpg" alt="Übersicht" width="612" height="328" srcset="https://www.thorsten-fritz.com/wordpress/wp-content/uploads/2020/09/Zwischenablage04-1493x800.jpg 1493w, https://www.thorsten-fritz.com/wordpress/wp-content/uploads/2020/09/Zwischenablage04-301x161.jpg 301w, https://www.thorsten-fritz.com/wordpress/wp-content/uploads/2020/09/Zwischenablage04-150x80.jpg 150w, https://www.thorsten-fritz.com/wordpress/wp-content/uploads/2020/09/Zwischenablage04-1536x823.jpg 1536w, https://www.thorsten-fritz.com/wordpress/wp-content/uploads/2020/09/Zwischenablage04.jpg 1920w" sizes="auto, (max-width: 612px) 100vw, 612px" /></p>

<p>&nbsp; Polarlichter über Warburg Am 23.8 beschloss ich ich auf unseren schönen Desenberg zu steigen um von dort aus einen &hellip; <a href="https://www.thorsten-fritz.com/?page_id=775" class="more-link"><span class="more-button">Read More<span class="screen-reader-text">Polarlichter</span></span></a></p>
